{"id":19,"date":"2012-04-28T14:26:06","date_gmt":"2012-04-28T12:26:06","guid":{"rendered":"http:\/\/kadetten15.se\/?page_id=19"},"modified":"2025-06-09T11:41:32","modified_gmt":"2025-06-09T09:41:32","slug":"arsredovisningar","status":"publish","type":"page","link":"https:\/\/kadetten15.se\/?page_id=19","title":{"rendered":"\u00c5rsredovisningar"},"content":{"rendered":"<p><a href=\"http:\/\/media2.kadetten15.se\/2012\/04\/\u00c5rsredovisning-2007.pdf\">\u00c5rsredovisning 2007<\/a><\/p>\n<p><a href=\"http:\/\/media2.kadetten15.se\/2012\/04\/\u00c5rsredovisning-2008.pdf\">\u00c5rsredovisning 2008<\/a><\/p>\n<p><a href=\"http:\/\/media2.kadetten15.se\/2012\/04\/Arsredovisning-2009.pdf\">\u00c5rsredovisning 2009<\/a><\/p>\n<p><a href=\"http:\/\/media2.kadetten15.se\/2012\/04\/\u00c5rsredovisning-2010-Kadetten-15.pdf\">\u00c5rsredovisning 2010<\/a><\/p>\n<p><a href=\"http:\/\/media2.kadetten15.se\/2012\/04\/\u00c5rsredovisning-2011.pdf\">\u00c5rsredovisning 2011<\/a><\/p>\n<p><a href=\"http:\/\/media2.kadetten15.se\/2012\/04\/BRFKadetten15_2012_new.pdf\">\u00c5rsredovisning 2012<\/a><\/p>\n<p><a href=\"http:\/\/media2.kadetten15.se\/2012\/04\/\u00c5rsredovisning-2013.pdf\">\u00c5rsredovisning 2013<\/a><\/p>\n<p><a href=\"http:\/\/media2.kadetten15.se\/2012\/04\/BRFKadetten15_2014_new.pdf\">\u00c5rsredovisning 2014<\/a><\/p>\n<p><a href=\"http:\/\/media2.kadetten15.se\/2012\/04\/A\u030arsredovisning-2015-Kadetten-15.pdf\">\u00c5rsredovisning 2015<\/a><\/p>\n<p><a href=\"http:\/\/media2.kadetten15.se\/2012\/04\/A\u030arsredovisning-2016-Kadetten-15.pdf\">\u00c5rsredovisning 2016<\/a><\/p>\n<p><a href=\"http:\/\/media2.kadetten15.se\/2012\/04\/A\u030arsredovisning-2017-Brf-Kadetten-15.pdf\">\u00c5rsredovisning 2017<\/a><\/p>\n<p><a href=\"http:\/\/media2.kadetten15.se\/2019\/09\/A\u030arsredovisning-2018-Kadetten-15.pdf\">A\u030arsredovisning 2018<\/a><\/p>\n<p><a href=\"http:\/\/media2.kadetten15.se\/2020\/08\/A\u030arsredovisning-BRFKadetten15-2019.pdf\">A\u030arsredovisning 2019<\/a><\/p>\n<p><a href=\"http:\/\/media2.kadetten15.se\/2021\/05\/\u00c5R_2020_Brf_Kadetten.pdf\">\u00c5rsredovisning 2020<\/a><\/p>\n<p><a href=\"http:\/\/media2.kadetten15.se\/2021\/05\/Revisionsber\u00e4ttelse_Brf_kadetten.pdf\">Revisionsber\u00e4ttelse_2020<\/a><\/p>\n<p><a href=\"http:\/\/media2.kadetten15.se\/2022\/10\/17962_BRF_Kadetten_15_\u00c5R_2021-Copy.pdf\">\u00c5rsredovisning 2021<\/a><\/p>\n<p><a href=\"http:\/\/media2.kadetten15.se\/2022\/10\/regvevis-22.pdf\">Revisionsber\u00e4ttelse 2021<\/a><\/p>\n<p><a href=\"http:\/\/media2.kadetten15.se\/2023\/05\/AR_2022_Brf_Kadetten_15.pdf\">\u00c5rsredovisning 2022<\/a><\/p>\n<p><a href=\"http:\/\/media2.kadetten15.se\/2023\/09\/RB-2022-Brf-Kadetten-15.pdf\">Revisionsber\u00e4ttelse 2022<\/a><\/p>\n<p><a href=\"http:\/\/media2.kadetten15.se\/2024\/05\/Kadetten-15-AR-2023.pades_.pdf\">\u00c5rsredovisning 2023<\/a><\/p>\n<p><a href=\"http:\/\/media2.kadetten15.se\/2024\/05\/Revisionsberattelse2023_Kadetten.pdf\">Revisionsber\u00e4ttelse 2023<\/a><\/p>\n<p><a href=\"http:\/\/media2.kadetten15.se\/2025\/06\/Arsredovisning_2024_Brf_Kadetten_15-1.pdf\">\u00c5rsredovisning 2024<\/a><\/p>\n<p><a href=\"http:\/\/media2.kadetten15.se\/2025\/06\/Revisionsberattelse_Brf_Kadetten_15.pdf\">Revisionsber\u00e4ttelse 2024<\/a><\/p>\n<p>&nbsp;<\/p>\n<p>&nbsp;<\/p>\n\n\n<p><\/p>\n","protected":false},"excerpt":{"rendered":"<p>\u00c5rsredovisning 2007 \u00c5rsredovisning 2008 \u00c5rsredovisning 2009 \u00c5rsredovisning 2010 \u00c5rsredovisning 2011 \u00c5rsredovisning 2012 \u00c5rsredovisning 2013 \u00c5rsredovisning 2014 \u00c5rsredovisning 2015 \u00c5rsredovisning 2016 \u00c5rsredovisning 2017 A\u030arsredovisning 2018 A\u030arsredovisning 2019 \u00c5rsredovisning 2020 Revisionsber\u00e4ttelse_2020 \u00c5rsredovisning 2021 Revisionsber\u00e4ttelse 2021 \u00c5rsredovisning 2022 Revisionsber\u00e4ttelse 2022 \u00c5rsredovisning 2023 Revisionsber\u00e4ttelse 2023 \u00c5rsredovisning 2024 Revisionsber\u00e4ttelse 2024 &nbsp; &nbsp;<\/p>\n","protected":false},"author":1,"featured_media":0,"parent":260,"menu_order":2,"comment_status":"closed","ping_status":"closed","template":"","meta":{"footnotes":""},"class_list":["post-19","page","type-page","status-publish","hentry"],"_links":{"self":[{"href":"https:\/\/kadetten15.se\/index.php?rest_route=\/wp\/v2\/pages\/19","targetHints":{"allow":["GET"]}}],"collection":[{"href":"https:\/\/kadetten15.se\/index.php?rest_route=\/wp\/v2\/pages"}],"about":[{"href":"https:\/\/kadetten15.se\/index.php?rest_route=\/wp\/v2\/types\/page"}],"author":[{"embeddable":true,"href":"https:\/\/kadetten15.se\/index.php?rest_route=\/wp\/v2\/users\/1"}],"replies":[{"embeddable":true,"href":"https:\/\/kadetten15.se\/index.php?rest_route=%2Fwp%2Fv2%2Fcomments&post=19"}],"version-history":[{"count":22,"href":"https:\/\/kadetten15.se\/index.php?rest_route=\/wp\/v2\/pages\/19\/revisions"}],"predecessor-version":[{"id":676,"href":"https:\/\/kadetten15.se\/index.php?rest_route=\/wp\/v2\/pages\/19\/revisions\/676"}],"up":[{"embeddable":true,"href":"https:\/\/kadetten15.se\/index.php?rest_route=\/wp\/v2\/pages\/260"}],"wp:attachment":[{"href":"https:\/\/kadetten15.se\/index.php?rest_route=%2Fwp%2Fv2%2Fmedia&parent=19"}],"curies":[{"name":"wp","href":"https:\/\/api.w.org\/{rel}","templated":true}]}}